{"id":867,"date":"2023-01-31T02:11:15","date_gmt":"2023-01-31T02:11:15","guid":{"rendered":"https:\/\/dreamhub.dreamitsolution.net\/lawyer\/?page_id=867"},"modified":"2025-11-20T20:38:36","modified_gmt":"2025-11-20T20:38:36","slug":"zakres-uslug","status":"publish","type":"page","link":"https:\/\/adwokat-slupsk.eu\/index.php\/zakres-uslug\/","title":{"rendered":"Zakres us\u0142ug"},"content":{"rendered":"\t\t<div data-elementor-type=\"wp-page\" data-elementor-id=\"867\" class=\"elementor elementor-867\">\n\t\t\t\t\t\t<section class=\"elementor-section elementor-top-section elementor-element elementor-element-f716703 elementor-section-boxed elementor-section-height-default elementor-section-height-default\" data-id=\"f716703\" data-element_type=\"section\">\n\t\t\t\t\t\t<div class=\"elementor-container elementor-column-gap-default\">\n\t\t\t\t\t<div class=\"elementor-column elementor-col-100 elementor-top-column elementor-element elementor-element-db446a7\" data-id=\"db446a7\" data-element_type=\"column\">\n\t\t\t<div class=\"elementor-widget-wrap elementor-element-populated\">\n\t\t\t\t<div class=\"elementor-element elementor-element-70d54da e-con-full e-grid e-con e-parent\" data-id=\"70d54da\" data-element_type=\"container\">\n\t\t\t\t<div class=\"elementor-element elementor-element-13c030f elementor-widget__width-inherit elementor-widget elementor-widget-text-editor\" data-id=\"13c030f\" data-element_type=\"widget\" data-widget_type=\"text-editor.default\">\n\t\t\t\t<div class=\"elementor-widget-container\">\n\t\t\t\t\t\t\t\t\t<h3>\u00a0<\/h3><h3 style=\"text-align: center;\"><span style=\"background-color: transparent;\">Obs\u0142uga prawna klient\u00f3w indywidualnych<\/span><\/h3><div>\u00a0<\/div><div>\u00a0<\/div><div>\u00a0<\/div><ol><li>Udzielanie porad prawnych<\/li><li>Przygotowywanie projekt\u00f3w um\u00f3w<\/li><li>Sporz\u0105dzanie pism procesowych<\/li><li>Prowadzenie spraw cywilnych (realizacja um\u00f3w, windykacja nale\u017cno\u015bci, dochodzenie odszkodowa\u0144, pozwy o zado\u015b\u0107uczynienia, zniesienie wsp\u00f3\u0142w\u0142asno\u015bci)<\/li><li>Prowadzenie spraw karnych (obrona w post\u0119powaniu przed prokuratur\u0105, s\u0105dami, udzia\u0142 w przes\u0142uchaniach na policji, reprezentacja pokrzywdzonego lub oskar\u017cyciela posi\u0142kowego, pomoc prawna w post\u0119powaniu wykonawczym)<\/li><li>Prowadzenie spraw rodzinnych i opieku\u0144czych (rozwody i separacje, alimenty, podzia\u0142 maj\u0105tku wsp\u00f3lnego, ustalenie lub zaprzeczenie ojcostwa, pozbawienie w\u0142adzy rodzicielskiej)<\/li><li>Prowadzenie spraw spadkowych (stwierdzenie nabycia spadku, dzia\u0142 spadku, sprawy o zachowek, odrzucenie spadku, uniewa\u017cnienie testamentu)<\/li><li style=\"list-style-type: none;\">\u00a0<\/li><\/ol>\t\t\t\t\t\t\t\t<\/div>\n\t\t\t\t<\/div>\n\t\t\t\t<div class=\"elementor-element elementor-element-c83ce4b elementor-widget elementor-widget-text-editor\" data-id=\"c83ce4b\" data-element_type=\"widget\" data-widget_type=\"text-editor.default\">\n\t\t\t\t<div class=\"elementor-widget-container\">\n\t\t\t\t\t\t\t\t\t<h3>\u00a0<\/h3><h3 style=\"text-align: center;\">Obs\u0142uga prawna podmiot\u00f3w gospodarczych<\/h3><p>\u00a0<\/p><ol><li>Sta\u0142a, kompleksowa obs\u0142uga prawna (wynagrodzenie rycza\u0142towe lub godzinowe)<\/li><li>Prowadzenie spraw s\u0105dowych z zakresu prawa gospodarczego, cywilnego, karnego i prawa pracy<\/li><li>Sporz\u0105dzanie opinii prawnych, uwzgl\u0119dniaj\u0105cych aktualny stan prawny, krytyczne pogl\u0105dy doktryny oraz najnowsze orzecznictwo<\/li><li>Przygotowywanie projekt\u00f3w um\u00f3w oraz negocjowanie i konsultowanie przedstawionych do analizy kontrakt\u00f3w<\/li><li>Dochodzenie nale\u017cno\u015bci od d\u0142u\u017cnik\u00f3w<\/li><li>Pomoc prawna i doradztwo w zakresie rejestracji sp\u00f3\u0142ek, ich przekszta\u0142cania oraz likwidacji<\/li><li>Sporz\u0105dzanie regulamin\u00f3w na potrzeby sklep\u00f3w internetowych<\/li><li style=\"list-style-type: none;\">\u00a0<\/li><\/ol>\t\t\t\t\t\t\t\t<\/div>\n\t\t\t\t<\/div>\n\t\t\t\t<div class=\"elementor-element elementor-element-2ee0890 elementor-widget elementor-widget-text-editor\" data-id=\"2ee0890\" data-element_type=\"widget\" data-widget_type=\"text-editor.default\">\n\t\t\t\t<div class=\"elementor-widget-container\">\n\t\t\t\t\t\t\t\t\t<h3>\u00a0<\/h3><h3 style=\"text-align: center;\">\u00a0<\/h3><h3 style=\"text-align: center;\">Wynagrodzenie<\/h3><div>\u00a0<\/div><div>\u00a0<\/div><p style=\"padding-left: 40px;\">Koszt porady prawnej zale\u017cy od specyfiki danego zagadnienia prawnego. W przypadku reprezentacji procesowej i sta\u0142ej obs\u0142ugi prawnej, wysoko\u015b\u0107 wynagrodzenia nast\u0119puje w drodze indywidualnych uzgodnie\u0144 i zale\u017cy m.in. od: rodzaju zlecenia, warto\u015bci przedmiotu sporu oraz czasoch\u0142onno\u015bci prac. Kancelaria Adwokacka stosuje nast\u0119puj\u0105ce systemy wynagrodzenia:<\/p><p style=\"padding-left: 40px;\"><em>indywidualne rozliczenie ka\u017cdej us\u0142ugi zgodnie z ustaleniami z klientem<\/em><\/p><p style=\"padding-left: 40px;\"><em>wynagrodzenie rycza\u0142towe z premi\u0105 za wygran\u0105 spraw\u0119<\/em><\/p><p style=\"padding-left: 40px;\"><em>sta\u0142e, rycza\u0142towe wynagrodzenie miesi\u0119czne lub godzinowe (w zale\u017cno\u015bci od zapotrzebowania)<\/em><\/p><ol><li style=\"list-style-type: none;\">\u00a0<\/li><\/ol>\t\t\t\t\t\t\t\t<\/div>\n\t\t\t\t<\/div>\n\t\t\t\t<\/div>\n\t\t\t\t\t<\/div>\n\t\t<\/div>\n\t\t\t\t\t<\/div>\n\t\t<\/section>\n\t\t\t\t<\/div>\n\t\t","protected":false},"excerpt":{"rendered":"<p>\u00a0 Obs\u0142uga prawna klient\u00f3w indywidualnych \u00a0\u00a0\u00a0 Udzielanie porad prawnych Przygotowywanie projekt\u00f3w um\u00f3w Sporz\u0105dzanie pism procesowych Prowadzenie spraw cywilnych (realizacja um\u00f3w, windykacja nale\u017cno\u015bci, dochodzenie odszkodowa\u0144, pozwy o zado\u015b\u0107uczynienia, zniesienie wsp\u00f3\u0142w\u0142asno\u015bci) Prowadzenie spraw karnych (obrona w post\u0119powaniu przed prokuratur\u0105, s\u0105dami, udzia\u0142 w przes\u0142uchaniach na policji, reprezentacja pokrzywdzonego lub oskar\u017cyciela posi\u0142kowego, pomoc prawna w post\u0119powaniu wykonawczym) Prowadzenie spraw [&hellip;]<\/p>\n","protected":false},"author":2,"featured_media":0,"parent":0,"menu_order":0,"comment_status":"closed","ping_status":"closed","template":"page-templates\/template-default.php","meta":{"_monsterinsights_skip_tracking":false,"_monsterinsights_sitenote_active":false,"_monsterinsights_sitenote_note":"","_monsterinsights_sitenote_category":0,"footnotes":""},"class_list":["post-867","page","type-page","status-publish","hentry"],"yoast_head":"<!-- This site is optimized with the Yoast SEO Premium plugin v25.1 (Yoast SEO v25.1) - https:\/\/yoast.com\/wordpress\/plugins\/seo\/ -->\n<title>Zakres us\u0142ug - Adwokat S\u0142upsk<\/title>\n<meta name=\"robots\" content=\"index, follow, max-snippet:-1, max-image-preview:large, max-video-preview:-1\" \/>\n<link rel=\"canonical\" href=\"https:\/\/adwokat-slupsk.eu\/index.php\/zakres-uslug\/\" \/>\n<meta property=\"og:locale\" content=\"pl_PL\" \/>\n<meta property=\"og:type\" content=\"article\" \/>\n<meta property=\"og:title\" content=\"Zakres us\u0142ug\" \/>\n<meta property=\"og:description\" content=\"\u00a0 Obs\u0142uga prawna klient\u00f3w indywidualnych \u00a0\u00a0\u00a0 Udzielanie porad prawnych Przygotowywanie projekt\u00f3w um\u00f3w Sporz\u0105dzanie pism procesowych Prowadzenie spraw cywilnych (realizacja um\u00f3w, windykacja nale\u017cno\u015bci, dochodzenie odszkodowa\u0144, pozwy o zado\u015b\u0107uczynienia, zniesienie wsp\u00f3\u0142w\u0142asno\u015bci) Prowadzenie spraw karnych (obrona w post\u0119powaniu przed prokuratur\u0105, s\u0105dami, udzia\u0142 w przes\u0142uchaniach na policji, reprezentacja pokrzywdzonego lub oskar\u017cyciela posi\u0142kowego, pomoc prawna w post\u0119powaniu wykonawczym) Prowadzenie spraw [&hellip;]\" \/>\n<meta property=\"og:url\" content=\"https:\/\/adwokat-slupsk.eu\/index.php\/zakres-uslug\/\" \/>\n<meta property=\"og:site_name\" content=\"Adwokat S\u0142upsk\" \/>\n<meta property=\"article:publisher\" content=\"https:\/\/www.facebook.com\/adw.slupsk\" \/>\n<meta property=\"article:modified_time\" content=\"2025-11-20T20:38:36+00:00\" \/>\n<meta name=\"twitter:card\" content=\"summary_large_image\" \/>\n<meta name=\"twitter:label1\" content=\"Szacowany czas czytania\" \/>\n\t<meta name=\"twitter:data1\" content=\"2 minuty\" \/>\n<script type=\"application\/ld+json\" class=\"yoast-schema-graph\">{\"@context\":\"https:\/\/schema.org\",\"@graph\":[{\"@type\":\"WebPage\",\"@id\":\"https:\/\/adwokat-slupsk.eu\/index.php\/zakres-uslug\/\",\"url\":\"https:\/\/adwokat-slupsk.eu\/index.php\/zakres-uslug\/\",\"name\":\"Zakres us\u0142ug - Adwokat S\u0142upsk\",\"isPartOf\":{\"@id\":\"https:\/\/adwokat-slupsk.eu\/#website\"},\"datePublished\":\"2023-01-31T02:11:15+00:00\",\"dateModified\":\"2025-11-20T20:38:36+00:00\",\"breadcrumb\":{\"@id\":\"https:\/\/adwokat-slupsk.eu\/index.php\/zakres-uslug\/#breadcrumb\"},\"inLanguage\":\"pl-PL\",\"potentialAction\":[{\"@type\":\"ReadAction\",\"target\":[\"https:\/\/adwokat-slupsk.eu\/index.php\/zakres-uslug\/\"]}]},{\"@type\":\"BreadcrumbList\",\"@id\":\"https:\/\/adwokat-slupsk.eu\/index.php\/zakres-uslug\/#breadcrumb\",\"itemListElement\":[{\"@type\":\"ListItem\",\"position\":1,\"name\":\"Strona g\u0142\u00f3wna\",\"item\":\"https:\/\/adwokat-slupsk.eu\/\"},{\"@type\":\"ListItem\",\"position\":2,\"name\":\"Zakres us\u0142ug\"}]},{\"@type\":\"WebSite\",\"@id\":\"https:\/\/adwokat-slupsk.eu\/#website\",\"url\":\"https:\/\/adwokat-slupsk.eu\/\",\"name\":\"Adwokat S\u0142upsk\",\"description\":\"Skuteczna pomoc prawna w S\u0142upsku i okolicach.\",\"publisher\":{\"@id\":\"https:\/\/adwokat-slupsk.eu\/#organization\"},\"potentialAction\":[{\"@type\":\"SearchAction\",\"target\":{\"@type\":\"EntryPoint\",\"urlTemplate\":\"https:\/\/adwokat-slupsk.eu\/?s={search_term_string}\"},\"query-input\":{\"@type\":\"PropertyValueSpecification\",\"valueRequired\":true,\"valueName\":\"search_term_string\"}}],\"inLanguage\":\"pl-PL\"},{\"@type\":\"Organization\",\"@id\":\"https:\/\/adwokat-slupsk.eu\/#organization\",\"name\":\"Adwokat S\u0142upsk\",\"url\":\"https:\/\/adwokat-slupsk.eu\/\",\"logo\":{\"@type\":\"ImageObject\",\"inLanguage\":\"pl-PL\",\"@id\":\"https:\/\/adwokat-slupsk.eu\/#\/schema\/logo\/image\/\",\"url\":\"https:\/\/adwokat-slupsk.eu\/wp-content\/uploads\/2025\/02\/Logo-kancelaria-v1.0.png\",\"contentUrl\":\"https:\/\/adwokat-slupsk.eu\/wp-content\/uploads\/2025\/02\/Logo-kancelaria-v1.0.png\",\"width\":547,\"height\":493,\"caption\":\"Adwokat S\u0142upsk\"},\"image\":{\"@id\":\"https:\/\/adwokat-slupsk.eu\/#\/schema\/logo\/image\/\"},\"sameAs\":[\"https:\/\/www.facebook.com\/adw.slupsk\"]}]}<\/script>\n<!-- \/ Yoast SEO Premium plugin. -->","yoast_head_json":{"title":"Zakres us\u0142ug - Adwokat S\u0142upsk","robots":{"index":"index","follow":"follow","max-snippet":"max-snippet:-1","max-image-preview":"max-image-preview:large","max-video-preview":"max-video-preview:-1"},"canonical":"https:\/\/adwokat-slupsk.eu\/index.php\/zakres-uslug\/","og_locale":"pl_PL","og_type":"article","og_title":"Zakres us\u0142ug","og_description":"\u00a0 Obs\u0142uga prawna klient\u00f3w indywidualnych \u00a0\u00a0\u00a0 Udzielanie porad prawnych Przygotowywanie projekt\u00f3w um\u00f3w Sporz\u0105dzanie pism procesowych Prowadzenie spraw cywilnych (realizacja um\u00f3w, windykacja nale\u017cno\u015bci, dochodzenie odszkodowa\u0144, pozwy o zado\u015b\u0107uczynienia, zniesienie wsp\u00f3\u0142w\u0142asno\u015bci) Prowadzenie spraw karnych (obrona w post\u0119powaniu przed prokuratur\u0105, s\u0105dami, udzia\u0142 w przes\u0142uchaniach na policji, reprezentacja pokrzywdzonego lub oskar\u017cyciela posi\u0142kowego, pomoc prawna w post\u0119powaniu wykonawczym) Prowadzenie spraw [&hellip;]","og_url":"https:\/\/adwokat-slupsk.eu\/index.php\/zakres-uslug\/","og_site_name":"Adwokat S\u0142upsk","article_publisher":"https:\/\/www.facebook.com\/adw.slupsk","article_modified_time":"2025-11-20T20:38:36+00:00","twitter_card":"summary_large_image","twitter_misc":{"Szacowany czas czytania":"2 minuty"},"schema":{"@context":"https:\/\/schema.org","@graph":[{"@type":"WebPage","@id":"https:\/\/adwokat-slupsk.eu\/index.php\/zakres-uslug\/","url":"https:\/\/adwokat-slupsk.eu\/index.php\/zakres-uslug\/","name":"Zakres us\u0142ug - Adwokat S\u0142upsk","isPartOf":{"@id":"https:\/\/adwokat-slupsk.eu\/#website"},"datePublished":"2023-01-31T02:11:15+00:00","dateModified":"2025-11-20T20:38:36+00:00","breadcrumb":{"@id":"https:\/\/adwokat-slupsk.eu\/index.php\/zakres-uslug\/#breadcrumb"},"inLanguage":"pl-PL","potentialAction":[{"@type":"ReadAction","target":["https:\/\/adwokat-slupsk.eu\/index.php\/zakres-uslug\/"]}]},{"@type":"BreadcrumbList","@id":"https:\/\/adwokat-slupsk.eu\/index.php\/zakres-uslug\/#breadcrumb","itemListElement":[{"@type":"ListItem","position":1,"name":"Strona g\u0142\u00f3wna","item":"https:\/\/adwokat-slupsk.eu\/"},{"@type":"ListItem","position":2,"name":"Zakres us\u0142ug"}]},{"@type":"WebSite","@id":"https:\/\/adwokat-slupsk.eu\/#website","url":"https:\/\/adwokat-slupsk.eu\/","name":"Adwokat S\u0142upsk","description":"Skuteczna pomoc prawna w S\u0142upsku i okolicach.","publisher":{"@id":"https:\/\/adwokat-slupsk.eu\/#organization"},"potentialAction":[{"@type":"SearchAction","target":{"@type":"EntryPoint","urlTemplate":"https:\/\/adwokat-slupsk.eu\/?s={search_term_string}"},"query-input":{"@type":"PropertyValueSpecification","valueRequired":true,"valueName":"search_term_string"}}],"inLanguage":"pl-PL"},{"@type":"Organization","@id":"https:\/\/adwokat-slupsk.eu\/#organization","name":"Adwokat S\u0142upsk","url":"https:\/\/adwokat-slupsk.eu\/","logo":{"@type":"ImageObject","inLanguage":"pl-PL","@id":"https:\/\/adwokat-slupsk.eu\/#\/schema\/logo\/image\/","url":"https:\/\/adwokat-slupsk.eu\/wp-content\/uploads\/2025\/02\/Logo-kancelaria-v1.0.png","contentUrl":"https:\/\/adwokat-slupsk.eu\/wp-content\/uploads\/2025\/02\/Logo-kancelaria-v1.0.png","width":547,"height":493,"caption":"Adwokat S\u0142upsk"},"image":{"@id":"https:\/\/adwokat-slupsk.eu\/#\/schema\/logo\/image\/"},"sameAs":["https:\/\/www.facebook.com\/adw.slupsk"]}]}},"_links":{"self":[{"href":"https:\/\/adwokat-slupsk.eu\/index.php\/wp-json\/wp\/v2\/pages\/867","targetHints":{"allow":["GET"]}}],"collection":[{"href":"https:\/\/adwokat-slupsk.eu\/index.php\/wp-json\/wp\/v2\/pages"}],"about":[{"href":"https:\/\/adwokat-slupsk.eu\/index.php\/wp-json\/wp\/v2\/types\/page"}],"author":[{"embeddable":true,"href":"https:\/\/adwokat-slupsk.eu\/index.php\/wp-json\/wp\/v2\/users\/2"}],"replies":[{"embeddable":true,"href":"https:\/\/adwokat-slupsk.eu\/index.php\/wp-json\/wp\/v2\/comments?post=867"}],"version-history":[{"count":75,"href":"https:\/\/adwokat-slupsk.eu\/index.php\/wp-json\/wp\/v2\/pages\/867\/revisions"}],"predecessor-version":[{"id":1476,"href":"https:\/\/adwokat-slupsk.eu\/index.php\/wp-json\/wp\/v2\/pages\/867\/revisions\/1476"}],"wp:attachment":[{"href":"https:\/\/adwokat-slupsk.eu\/index.php\/wp-json\/wp\/v2\/media?parent=867"}],"curies":[{"name":"wp","href":"https:\/\/api.w.org\/{rel}","templated":true}]}}